{"id":38,"date":"2016-09-06T11:01:29","date_gmt":"2016-09-06T09:01:29","guid":{"rendered":"http:\/\/lre.pwr.wroc.pl\/?page_id=38"},"modified":"2016-12-20T15:38:25","modified_gmt":"2016-12-20T14:38:25","slug":"38-2","status":"publish","type":"page","link":"http:\/\/lre.pwr.wroc.pl\/","title":{"rendered":"Start"},"content":{"rendered":"<p>[et_pb_section admin_label=&#8221;Sekcja&#8221; fullwidth=&#8221;on&#8221; specialty=&#8221;off&#8221;][et_pb_fullwidth_slider admin_label=&#8221;Slider pe\u0142nej szeroko\u015bci&#8221; show_arrows=&#8221;on&#8221; show_pagination=&#8221;on&#8221; auto=&#8221;on&#8221; auto_ignore_hover=&#8221;off&#8221; parallax=&#8221;off&#8221; parallax_method=&#8221;off&#8221; remove_inner_shadow=&#8221;off&#8221; background_position=&#8221;default&#8221; background_size=&#8221;default&#8221; hide_content_on_mobile=&#8221;off&#8221; hide_cta_on_mobile=&#8221;off&#8221; show_image_video_mobile=&#8221;off&#8221; custom_button=&#8221;off&#8221; button_letter_spacing=&#8221;0&#8243; button_use_icon=&#8221;default&#8221; button_icon_placement=&#8221;right&#8221; button_on_hover=&#8221;on&#8221; button_letter_spacing_hover=&#8221;0&#8243; auto_speed=&#8221;3000&#8243;] [et_pb_slide background_image=&#8221;http:\/\/lre.pwr.wroc.pl\/wp-content\/uploads\/2016\/09\/P1020167a.jpg&#8221; background_position=&#8221;default&#8221; background_size=&#8221;default&#8221; background_color=&#8221;#ffffff&#8221; use_bg_overlay=&#8221;off&#8221; use_text_overlay=&#8221;off&#8221; alignment=&#8221;center&#8221; background_layout=&#8221;dark&#8221; allow_player_pause=&#8221;off&#8221; text_border_radius=&#8221;3&#8243; header_font_select=&#8221;default&#8221; header_font=&#8221;||||&#8221; body_font_select=&#8221;default&#8221; body_font=&#8221;||||&#8221; custom_button=&#8221;off&#8221; button_font_select=&#8221;default&#8221; button_font=&#8221;||||&#8221; button_use_icon=&#8221;default&#8221; button_icon_placement=&#8221;right&#8221; button_on_hover=&#8221;on&#8221;] [\/et_pb_slide][et_pb_slide background_image=&#8221;http:\/\/lre.pwr.wroc.pl\/wp-content\/uploads\/2016\/09\/PA170049a.jpg&#8221; background_position=&#8221;default&#8221; background_size=&#8221;default&#8221; background_color=&#8221;#ffffff&#8221; use_bg_overlay=&#8221;off&#8221; use_text_overlay=&#8221;off&#8221; alignment=&#8221;center&#8221; background_layout=&#8221;dark&#8221; allow_player_pause=&#8221;off&#8221; text_border_radius=&#8221;3&#8243; header_font_select=&#8221;default&#8221; header_font=&#8221;||||&#8221; body_font_select=&#8221;default&#8221; body_font=&#8221;||||&#8221; custom_button=&#8221;off&#8221; button_font_select=&#8221;default&#8221; button_font=&#8221;||||&#8221; button_use_icon=&#8221;default&#8221; button_icon_placement=&#8221;right&#8221; button_on_hover=&#8221;on&#8221;] [\/et_pb_slide][et_pb_slide background_image=&#8221;http:\/\/lre.pwr.wroc.pl\/wp-content\/uploads\/2016\/09\/P6120239.jpg&#8221; background_position=&#8221;default&#8221; background_size=&#8221;default&#8221; background_color=&#8221;#ffffff&#8221; use_bg_overlay=&#8221;off&#8221; use_text_overlay=&#8221;off&#8221; alignment=&#8221;center&#8221; background_layout=&#8221;dark&#8221; allow_player_pause=&#8221;off&#8221; text_border_radius=&#8221;3&#8243; header_font_select=&#8221;default&#8221; header_font=&#8221;||||&#8221; body_font_select=&#8221;default&#8221; body_font=&#8221;||||&#8221; custom_button=&#8221;off&#8221; button_font_select=&#8221;default&#8221; button_font=&#8221;||||&#8221; button_use_icon=&#8221;default&#8221; button_icon_placement=&#8221;right&#8221; button_on_hover=&#8221;on&#8221;] [\/et_pb_slide] [\/et_pb_fullwidth_slider][\/et_pb_section][et_pb_section admin_label=&#8221;section&#8221; transparent_background=&#8221;off&#8221; background_color=&#8221;#ffffff&#8221; allow_player_pause=&#8221;off&#8221; inner_shadow=&#8221;off&#8221; parallax=&#8221;off&#8221; parallax_method=&#8221;off&#8221; padding_mobile=&#8221;off&#8221; make_fullwidth=&#8221;off&#8221; use_custom_width=&#8221;off&#8221; width_unit=&#8221;on&#8221; make_equal=&#8221;off&#8221; use_custom_gutter=&#8221;off&#8221; module_id=&#8221;onas&#8221;][et_pb_row admin_label=&#8221;row&#8221; make_fullwidth=&#8221;off&#8221; use_custom_width=&#8221;off&#8221; width_unit=&#8221;on&#8221; use_custom_gutter=&#8221;off&#8221; padding_mobile=&#8221;off&#8221; allow_player_pause=&#8221;off&#8221; parallax=&#8221;off&#8221; parallax_method=&#8221;off&#8221; make_equal=&#8221;off&#8221; parallax_1=&#8221;off&#8221; parallax_method_1=&#8221;off&#8221; column_padding_mobile=&#8221;on&#8221; parallax_2=&#8221;off&#8221; parallax_method_2=&#8221;off&#8221;][et_pb_column type=&#8221;4_4&#8243;][et_pb_code admin_label=&#8221;Kod&#8221;]&lt;h2&gt;O nas&lt;\/h2&gt;[\/et_pb_code][et_pb_divider admin_label=&#8221;Separator&#8221; color=&#8221;#6b6b6b&#8221; show_divider=&#8221;on&#8221; divider_style=&#8221;solid&#8221; divider_position=&#8221;top&#8221; hide_on_mobile=&#8221;on&#8221;] [\/et_pb_divider][\/et_pb_column][\/et_pb_row][et_pb_row admin_label=&#8221;Wiersz&#8221;][et_pb_column type=&#8221;4_4&#8243;][et_pb_text admin_label=&#8221;Tekst&#8221; background_layout=&#8221;light&#8221; text_orientation=&#8221;justified&#8221; use_border_color=&#8221;off&#8221; border_color=&#8221;#ffffff&#8221; border_style=&#8221;solid&#8221;] Dzia\u0142alno\u015b\u0107 Laboratorium Reverse Engineering zwi\u0105zana jest z digitalizacj\u0105 obiekt\u00f3w fizycznych do postaci ich tr\u00f3jwymiarowych modeli komputerowych. W Laboratorium prowadzane s\u0105 badania, stanowi\u0105ce zasadniczy etap in\u017cynierii odwrotnej &#8211; dziedziny zajmuj\u0105cej si\u0119 odtwarzaniem zasad konstrukcji i dzia\u0142ania obiekt\u00f3w materialnych, zar\u00f3wno naturalnych jak i b\u0119d\u0105cych dzie\u0142em cz\u0142owieka. Wynikiem bada\u0144 w LRE s\u0105 cyfrowe zapisy kszta\u0142t\u00f3w przedmiot\u00f3w w postaci przestrzennej &#8222;chmury punkt\u00f3w&#8221;. Tego typu dane, po odpowiedniej obr\u00f3bce, mog\u0105 stanowi\u0107 podstaw\u0119 prac konstruktorskich, analiz obliczeniowych (np. metod\u0105 element\u00f3w sko\u0144czonych), b\u0105d\u017a por\u00f3wna\u0144 obiektu fizycznego z modelem komputerowym. Uzyskanie postaci cyfrowej obiektu pozwala tak\u017ce na bezpo\u015brednie wykorzystanie tych danych w technologiach wytwarzania wspomaganego komputerowo. [\/et_pb_text][\/et_pb_column][\/et_pb_row][\/et_pb_section][et_pb_section admin_label=&#8221;section&#8221; transparent_background=&#8221;off&#8221; background_color=&#8221;#ffffff&#8221; allow_player_pause=&#8221;off&#8221; inner_shadow=&#8221;off&#8221; parallax=&#8221;off&#8221; parallax_method=&#8221;off&#8221; padding_mobile=&#8221;off&#8221; make_fullwidth=&#8221;off&#8221; use_custom_width=&#8221;off&#8221; width_unit=&#8221;on&#8221; make_equal=&#8221;off&#8221; use_custom_gutter=&#8221;off&#8221; module_id=&#8221;akredytacja&#8221;][et_pb_row admin_label=&#8221;row&#8221; make_fullwidth=&#8221;off&#8221; use_custom_width=&#8221;off&#8221; width_unit=&#8221;on&#8221; use_custom_gutter=&#8221;off&#8221; padding_mobile=&#8221;off&#8221; allow_player_pause=&#8221;off&#8221; parallax=&#8221;off&#8221; parallax_method=&#8221;off&#8221; make_equal=&#8221;off&#8221; parallax_1=&#8221;off&#8221; parallax_method_1=&#8221;off&#8221; column_padding_mobile=&#8221;on&#8221; parallax_2=&#8221;off&#8221; parallax_method_2=&#8221;off&#8221;][et_pb_column type=&#8221;4_4&#8243;][et_pb_code admin_label=&#8221;Kod&#8221;]&lt;h2&gt;Akredytacja PCA&lt;\/h2&gt;[\/et_pb_code][et_pb_divider admin_label=&#8221;Separator&#8221; color=&#8221;#6b6b6b&#8221; show_divider=&#8221;on&#8221; divider_style=&#8221;solid&#8221; divider_position=&#8221;top&#8221; hide_on_mobile=&#8221;on&#8221;] [\/et_pb_divider][\/et_pb_column][\/et_pb_row][et_pb_row admin_label=&#8221;Wiersz&#8221;][et_pb_column type=&#8221;4_4&#8243;][et_pb_text admin_label=&#8221;Tekst&#8221; background_layout=&#8221;light&#8221; text_orientation=&#8221;justified&#8221; use_border_color=&#8221;off&#8221; border_color=&#8221;#ffffff&#8221; border_style=&#8221;solid&#8221;] Laboratorium w ramach uzyskanej akredytacji na zgodno\u015b\u0107 systemu zarz\u0105dzania z wymaganiami normy PN-EN ISO\/IEC 17025:2005 prowadzi badania przy u\u017cyciu metody optycznej. Aktualny zakres bada\u0144 obj\u0119tych akredytacj\u0105 znajduje si\u0119 na stronie internetowej Polskiego Centrum Akredytacji (www.pca.gov.pl). Akredytacja: AB 969. [\/et_pb_text][\/et_pb_column][\/et_pb_row][\/et_pb_section][et_pb_section admin_label=&#8221;section&#8221; transparent_background=&#8221;off&#8221; background_color=&#8221;#ffffff&#8221; allow_player_pause=&#8221;off&#8221; inner_shadow=&#8221;off&#8221; parallax=&#8221;off&#8221; parallax_method=&#8221;off&#8221; padding_mobile=&#8221;off&#8221; make_fullwidth=&#8221;off&#8221; use_custom_width=&#8221;off&#8221; width_unit=&#8221;on&#8221; make_equal=&#8221;off&#8221; use_custom_gutter=&#8221;off&#8221; module_id=&#8221;oferta&#8221;][et_pb_row admin_label=&#8221;row&#8221; make_fullwidth=&#8221;off&#8221; use_custom_width=&#8221;off&#8221; width_unit=&#8221;on&#8221; use_custom_gutter=&#8221;off&#8221; padding_mobile=&#8221;off&#8221; allow_player_pause=&#8221;off&#8221; parallax=&#8221;off&#8221; parallax_method=&#8221;off&#8221; make_equal=&#8221;off&#8221; parallax_1=&#8221;off&#8221; parallax_method_1=&#8221;off&#8221; column_padding_mobile=&#8221;on&#8221; parallax_2=&#8221;off&#8221; parallax_method_2=&#8221;off&#8221;][et_pb_column type=&#8221;4_4&#8243;][et_pb_code admin_label=&#8221;Kod&#8221;]&lt;h2&gt;Oferta&lt;\/h2&gt;[\/et_pb_code][et_pb_divider admin_label=&#8221;Separator&#8221; color=&#8221;#6b6b6b&#8221; show_divider=&#8221;on&#8221; divider_style=&#8221;solid&#8221; divider_position=&#8221;top&#8221; hide_on_mobile=&#8221;on&#8221;] [\/et_pb_divider][\/et_pb_column][\/et_pb_row][et_pb_row admin_label=&#8221;Wiersz&#8221;][et_pb_column type=&#8221;4_4&#8243;][et_pb_text admin_label=&#8221;Tekst&#8221; background_layout=&#8221;light&#8221; text_orientation=&#8221;justified&#8221; use_border_color=&#8221;off&#8221; border_color=&#8221;#ffffff&#8221; border_style=&#8221;solid&#8221;]<\/p>\n<p>LRE \u015bwiadczy us\u0142ugi zwi\u0105zane z zastosowaniami in\u017cynierii odwrotnej, obejmuj\u0105ce m.in. przemys\u0142 wytw\u00f3rczy (projektowanie konstrukcji oraz planowanie i weryfikacja technologii), bioin\u017cynieri\u0119 (np. projektowanie implant\u00f3w), histori\u0119 sztuki (np. rekonstrukcje rze\u017ab i medali), antropologi\u0119 i archeologi\u0119 (np. rekonstrukcje obiekt\u00f3w anatomicznych) oraz badania naukowe (np. modelowanie w\u0142a\u015bciwo\u015bci obiekt\u00f3w fizycznych).<\/p>\n<p>Pracownicy Laboratorium posiadaj\u0105 wieloletnie do\u015bwiadczenie z zakresu in\u017cynierii odwrotnej, metrologii i modelowania komputerowego. LRE wsp\u00f3\u0142pracuje z o\u015brodkami przemys\u0142owymi i naukowymi w ca\u0142ym kraju udost\u0119pniaj\u0105c posiadane technologie dla prac na etapie rozwoju nowych i modyfikacji istniej\u0105cych wyrob\u00f3w, a tak\u017ce weryfikacji geometrycznej produkt\u00f3w. Dysponujemy najwy\u017cszej klasy oprogramowaniem do przetwarzania danych pomiarowych. Niespotykany w skali kraju potencja\u0142 technologiczny umo\u017cliwia pozyskiwanie i przetwarzanie danych geometrycznych szerokiej gamy obiekt\u00f3w fizycznych.<\/p>\n<p>Na kompleksow\u0105 ofert\u0119 Laboratorium Reverse Engieering sk\u0142adaj\u0105 si\u0119:<\/p>\n<ul>\n<li>digitalizacja obiekt\u00f3w fizycznych, w tym tak\u017ce projekt\u00f3w stylistycznych, dzie\u0142 sztuki, obiekt\u00f3w naturalnych, do postaci chmury punkt\u00f3w, siatki tr\u00f3jk\u0105t\u00f3w (format STL) lub modelu CAD (powierzchnie NURBS),<\/li>\n<li>wsparcie w projektowaniu wyrob\u00f3w zindywidualizowanych i planowaniu regeneracji uszkodzonych cz\u0119\u015bci maszyn,<\/li>\n<li>wsparcie w projektowaniu wyrob\u00f3w zindywidualizowanych i planowaniu regeneracji uszkodzonych cz\u0119\u015bci maszyn,<\/li>\n<li>pomiary obiekt\u00f3w o prostej i z\u0142o\u017conej postaci geometrycznej, w tym tak\u017ce \u0142\u0105czenie wynik\u00f3w pomiar\u00f3w prowadzonych z wykorzystaniem wielu r\u00f3\u017cnych metod digitalizacji.<\/li>\n<\/ul>\n<p>[\/et_pb_text][\/et_pb_column][\/et_pb_row][\/et_pb_section][et_pb_section admin_label=&#8221;section&#8221; transparent_background=&#8221;off&#8221; background_color=&#8221;#ffffff&#8221; allow_player_pause=&#8221;off&#8221; inner_shadow=&#8221;off&#8221; parallax=&#8221;off&#8221; parallax_method=&#8221;off&#8221; padding_mobile=&#8221;off&#8221; make_fullwidth=&#8221;off&#8221; use_custom_width=&#8221;off&#8221; width_unit=&#8221;on&#8221; make_equal=&#8221;off&#8221; use_custom_gutter=&#8221;off&#8221; module_id=&#8221;wyposazenie&#8221;][et_pb_row admin_label=&#8221;row&#8221; make_fullwidth=&#8221;off&#8221; use_custom_width=&#8221;off&#8221; width_unit=&#8221;on&#8221; use_custom_gutter=&#8221;off&#8221; padding_mobile=&#8221;off&#8221; allow_player_pause=&#8221;off&#8221; parallax=&#8221;off&#8221; parallax_method=&#8221;off&#8221; make_equal=&#8221;off&#8221; parallax_1=&#8221;off&#8221; parallax_method_1=&#8221;off&#8221; column_padding_mobile=&#8221;on&#8221; parallax_2=&#8221;off&#8221; parallax_method_2=&#8221;off&#8221;][et_pb_column type=&#8221;4_4&#8243;][et_pb_code admin_label=&#8221;Wyposa\u017cenie&#8221;]&lt;h2&gt;Wyposa\u017cenie&lt;\/h2&gt;[\/et_pb_code][et_pb_divider admin_label=&#8221;Separator&#8221; color=&#8221;#6b6b6b&#8221; show_divider=&#8221;on&#8221; divider_style=&#8221;solid&#8221; divider_position=&#8221;top&#8221; hide_on_mobile=&#8221;on&#8221;] [\/et_pb_divider][\/et_pb_column][\/et_pb_row][et_pb_row admin_label=&#8221;Wiersz&#8221;][et_pb_column type=&#8221;4_4&#8243;][et_pb_text admin_label=&#8221;Tekst&#8221; background_layout=&#8221;light&#8221; text_orientation=&#8221;justified&#8221; use_border_color=&#8221;off&#8221; border_color=&#8221;#ffffff&#8221; border_style=&#8221;solid&#8221;]<\/p>\n<p>Wyposa\u017cenie Laboratorium stanowi\u0105:<\/p>\n<ul>\n<li>skaner optyczny GOM ATOS II<\/li>\n<li>skaner Renishaw Cyclone II z g\u0142owic\u0105 dotykow\u0105 i laserow\u0105<\/li>\n<li>skaner laserowy Digibot II<\/li>\n<li>rami\u0119 pomiarowe FARO Gage<\/li>\n<li>oprogramowanie do rekonstrukcji obiekt\u00f3w na podstawie danych z urz\u0105dze\u0144 do obrazowania medycznego metodami tomografii komputerowej, rezonansu magnetycznego i ultrasonografii<\/li>\n<\/ul>\n<p>[\/et_pb_text][\/et_pb_column][\/et_pb_row][\/et_pb_section][et_pb_section admin_label=&#8221;section&#8221; transparent_background=&#8221;off&#8221; background_color=&#8221;#ffffff&#8221; allow_player_pause=&#8221;off&#8221; inner_shadow=&#8221;off&#8221; parallax=&#8221;off&#8221; parallax_method=&#8221;off&#8221; padding_mobile=&#8221;off&#8221; make_fullwidth=&#8221;off&#8221; use_custom_width=&#8221;off&#8221; width_unit=&#8221;on&#8221; make_equal=&#8221;off&#8221; use_custom_gutter=&#8221;off&#8221; module_id=&#8221;kontakt&#8221;][et_pb_row admin_label=&#8221;row&#8221; make_fullwidth=&#8221;off&#8221; use_custom_width=&#8221;off&#8221; width_unit=&#8221;on&#8221; use_custom_gutter=&#8221;off&#8221; padding_mobile=&#8221;off&#8221; allow_player_pause=&#8221;off&#8221; parallax=&#8221;off&#8221; parallax_method=&#8221;off&#8221; make_equal=&#8221;off&#8221; parallax_1=&#8221;off&#8221; parallax_method_1=&#8221;off&#8221; column_padding_mobile=&#8221;on&#8221; parallax_2=&#8221;off&#8221; parallax_method_2=&#8221;off&#8221;][et_pb_column type=&#8221;4_4&#8243;][et_pb_code admin_label=&#8221;Kontakt&#8221;]&lt;h2&gt;Kontakt&lt;\/h2&gt;[\/et_pb_code][et_pb_divider admin_label=&#8221;Separator&#8221; color=&#8221;#6b6b6b&#8221; show_divider=&#8221;on&#8221; divider_style=&#8221;solid&#8221; divider_position=&#8221;top&#8221; hide_on_mobile=&#8221;on&#8221;] [\/et_pb_divider][\/et_pb_column][\/et_pb_row][et_pb_row admin_label=&#8221;Wiersz&#8221;][et_pb_column type=&#8221;1_3&#8243;][et_pb_image admin_label=&#8221;Obraz&#8221; src=&#8221;http:\/\/lre.pwr.wroc.pl\/wp-content\/uploads\/2016\/09\/1460225962_MB__poi-e1460366023650.png&#8221; show_in_lightbox=&#8221;off&#8221; url_new_window=&#8221;on&#8221; use_overlay=&#8221;off&#8221; animation=&#8221;off&#8221; sticky=&#8221;off&#8221; align=&#8221;center&#8221; force_fullwidth=&#8221;off&#8221; always_center_on_mobile=&#8221;on&#8221; use_border_color=&#8221;off&#8221; border_color=&#8221;#ffffff&#8221; border_style=&#8221;solid&#8221; url=&#8221;http:\/\/labema.pl\/?product_cat=porcelana-laboratoryjna&#8221;] [\/et_pb_image][et_pb_text admin_label=&#8221;Tekst&#8221; background_layout=&#8221;light&#8221; text_orientation=&#8221;center&#8221; use_border_color=&#8221;off&#8221; border_color=&#8221;#ffffff&#8221; border_style=&#8221;solid&#8221;]<\/p>\n<p style=\"text-align: center;\">ul. \u0141ukasiewicza 5, bud. B-4<br \/>\n50-371 Wroc\u0142aw<\/p>\n<p>[\/et_pb_text][\/et_pb_column][et_pb_column type=&#8221;1_3&#8243;][et_pb_image admin_label=&#8221;Obraz&#8221; src=&#8221;http:\/\/lre.pwr.wroc.pl\/wp-content\/uploads\/2016\/09\/1460225974_MB__phone-e1460366385967.png&#8221; show_in_lightbox=&#8221;off&#8221; url_new_window=&#8221;on&#8221; use_overlay=&#8221;off&#8221; animation=&#8221;off&#8221; sticky=&#8221;off&#8221; align=&#8221;center&#8221; force_fullwidth=&#8221;off&#8221; always_center_on_mobile=&#8221;on&#8221; use_border_color=&#8221;off&#8221; border_color=&#8221;#ffffff&#8221; border_style=&#8221;solid&#8221; url=&#8221;http:\/\/labema.pl\/?product_cat=plastiki-laboratoryjne&#8221;] [\/et_pb_image][et_pb_text admin_label=&#8221;Tekst&#8221; background_layout=&#8221;light&#8221; text_orientation=&#8221;center&#8221; use_border_color=&#8221;off&#8221; border_color=&#8221;#ffffff&#8221; border_style=&#8221;solid&#8221;]<\/p>\n<p>+48 71 320 4061<br \/>\n+48 71 320 4208<\/p>\n<p>[\/et_pb_text][\/et_pb_column][et_pb_column type=&#8221;1_3&#8243;][et_pb_image admin_label=&#8221;Obraz&#8221; src=&#8221;http:\/\/lre.pwr.wroc.pl\/wp-content\/uploads\/2016\/09\/1460226057_MB__world-e1460366405156.png&#8221; show_in_lightbox=&#8221;off&#8221; url_new_window=&#8221;on&#8221; use_overlay=&#8221;off&#8221; animation=&#8221;off&#8221; sticky=&#8221;off&#8221; align=&#8221;center&#8221; force_fullwidth=&#8221;off&#8221; always_center_on_mobile=&#8221;on&#8221; use_border_color=&#8221;off&#8221; border_color=&#8221;#ffffff&#8221; border_style=&#8221;solid&#8221; url=&#8221;http:\/\/labema.pl\/?product_cat=szklo-laboratoryjne&#8221;] [\/et_pb_image][et_pb_image admin_label=&#8221;Obraz&#8221; src=&#8221;http:\/\/lre.pwr.wroc.pl\/wp-content\/uploads\/2016\/09\/emailLRE.jpg&#8221; show_in_lightbox=&#8221;off&#8221; url_new_window=&#8221;off&#8221; use_overlay=&#8221;off&#8221; animation=&#8221;off&#8221; sticky=&#8221;off&#8221; align=&#8221;center&#8221; force_fullwidth=&#8221;off&#8221; always_center_on_mobile=&#8221;on&#8221; use_border_color=&#8221;off&#8221; border_color=&#8221;#ffffff&#8221; border_style=&#8221;solid&#8221;] [\/et_pb_image][\/et_pb_column][\/et_pb_row][\/et_pb_section]<\/p>\n","protected":false},"excerpt":{"rendered":"<p>Dzia\u0142alno\u015b\u0107 Laboratorium Reverse Engineering zwi\u0105zana jest z digitalizacj\u0105 obiekt\u00f3w fizycznych do postaci ich tr\u00f3jwymiarowych modeli komputerowych. W Laboratorium prowadzane s\u0105 badania, stanowi\u0105ce zasadniczy etap in\u017cynierii odwrotnej &#8211; dziedziny zajmuj\u0105cej si\u0119 odtwarzaniem zasad konstrukcji i dzia\u0142ania obiekt\u00f3w materialnych, zar\u00f3wno naturalnych jak i b\u0119d\u0105cych dzie\u0142em cz\u0142owieka. Wynikiem bada\u0144 w LRE s\u0105 cyfrowe zapisy kszta\u0142t\u00f3w przedmiot\u00f3w w postaci [&hellip;]<\/p>\n","protected":false},"author":1,"featured_media":0,"parent":0,"menu_order":0,"comment_status":"closed","ping_status":"closed","template":"","meta":{"_et_pb_use_builder":"on","_et_pb_old_content":"","_et_gb_content_width":"","footnotes":""},"_links":{"self":[{"href":"http:\/\/lre.pwr.wroc.pl\/index.php\/wp-json\/wp\/v2\/pages\/38"}],"collection":[{"href":"http:\/\/lre.pwr.wroc.pl\/index.php\/wp-json\/wp\/v2\/pages"}],"about":[{"href":"http:\/\/lre.pwr.wroc.pl\/index.php\/wp-json\/wp\/v2\/types\/page"}],"author":[{"embeddable":true,"href":"http:\/\/lre.pwr.wroc.pl\/index.php\/wp-json\/wp\/v2\/users\/1"}],"replies":[{"embeddable":true,"href":"http:\/\/lre.pwr.wroc.pl\/index.php\/wp-json\/wp\/v2\/comments?post=38"}],"version-history":[{"count":8,"href":"http:\/\/lre.pwr.wroc.pl\/index.php\/wp-json\/wp\/v2\/pages\/38\/revisions"}],"predecessor-version":[{"id":73,"href":"http:\/\/lre.pwr.wroc.pl\/index.php\/wp-json\/wp\/v2\/pages\/38\/revisions\/73"}],"wp:attachment":[{"href":"http:\/\/lre.pwr.wroc.pl\/index.php\/wp-json\/wp\/v2\/media?parent=38"}],"curies":[{"name":"wp","href":"https:\/\/api.w.org\/{rel}","templated":true}]}}